02634
In base 14, what is 4 + 1d30a?
1d310
In base 15, what is -51bee - 2?
-51c01
In base 14, what is 960 + -27?
937
In base 3, what is -222121 + -1001021?
-2000212
In base 13, what is c84 - 2b?
c56
In base 13, what is 13 + 9057?
906a
In base 16, what is 1242c + f?
1243b
In base 15, what is 17 - -342?
359
In base 7, what is 335 + -3364?
-3026
In base 6, what is -22 - 52314?
-52340
In base 6, what is 4 - -4301255?
4301303
In base 11, what is 856 + -213?
643
In base 7, what is 3052566 + 11?
3052610
In base 12, what is 9 + -1b126?
-1b119
In base 9, what is -14 - -1340?
1325
In base 14, what is a - 1c4d0?
-1c4c4
In base 11, what is 37 + -1075?
-1039
In base 16, what is -b644 - 2?
-b646
In base 11, what is -4744 + -1?
-4745
In base 10, what is -3663 + -11?
-3674
In base 12, what is -5701 - 19?
-571a
In base 16, what is -9f - 246?
-2e5
In base 6, what is -25441 - 1113?
-30554
In base 2, what is 111 - 1000111100010100?
-1000111100001101
In base 14, what is -70d3 + 0?
-70d3
In base 8, what is 2014 + 242?
2256
In base 15, what is -5 + -67568?
-6756d
In base 12, what is -496 + -54?
-52a
In base 16, what is -1f8f + -14?
-1fa3
In base 2, what is 10111111000101 - -11000?
10111111011101
In base 3, what is 2 + -20222022?
-20222020
In base 7, what is 1101352 - -3?
1101355
In base 12, what is -48 + 2443?
23b7
In base 15, what is 3 + 2bb5?
2bb8
In base 5, what is 1112 + 110131?
111243
In base 3, what is 1121 + 120?
2011
In base 12, what is 32 - 2485?
-2453
In base 3, what is 10 - 110000111?
-110000101
In base 5, what is 2214 + -14?
2200
In base 14, what is -1c + 83a8?
838a
In base 14, what is -1b - -421?
404
In base 5, what is -1003140 - 0?
-1003140
In base 13, what is -97 - 38b?
-455
In base 11, what is -5 - -199153?
199149
In base 9, what is 8 - 300657?
-300648
In base 5, what is -4111221 + -4?
-4111230
In base 8, what is -140304 - 6?
-140312
In base 8, what is -4 - 5173373?
-5173377
In base 5, what is -33433 - -3203?
-30230
In base 8, what is -220255 - 4?
-220261
In base 10, what is -2593 + -1?
-2594
In base 12, what is -3 + -5a6b?
-5a72
In base 5, what is 224403 + -102?
224301
In base 10, what is 845 - 2488?
-1643
In base 12, what is 3ab - b7?
2b4
In base 2, what is 100010000100110001011 - 100?
100010000100110000111
In base 14, what is 9 - 19d4a?
-19d41
In base 16, what is -4dd + -1a5?
-682
In base 5, what is 10 + -20201033?
-20201023
In base 6, what is -44120 - 2042?
-50202
In base 11, what is -59977 - -2?
-59975
In base 14, what is -1 + -1262?
-1263
In base 6, what is 22132 - -444?
23020
In base 11, what is -35939a - -3?
-359397
In base 3, what is 121 + 12100021?
12100212
In base 2, what is -11 + -111000100110010?
-111000100110101
In base 5, what is -11 - 410220?
-410231
In base 6, what is -113 + -301523?
-302040
In base 2, what is -110 - 11001111111000110111?
-11001111111000111101
In base 11, what is -31543 + 9?
-31535
In base 4, what is -311202 + 22?
-311120
In base 13, what is 28310 + 0?
28310
In base 15, what is 61 - 7dc4?
-7d63
In base 13, what is 361 + -2683?
-2322
In base 16, what is 34f + -4c2?
-173
In base 15, what is -2728a + 1?
-27289
In base 14, what is 256 - -792?
a08
In base 2, what is 1000010011110000 - 110?
1000010011101010
In base 10, what is 10960 + 1?
10961
In base 13, what is -2 + 10c8?
10c6
In base 9, what is -845401 - 2?
-845403
In base 14, what is -332b - -1a?
-3311
In base 6, what is -252 + -201?
-453
In base 8, what is -577 - -62?
-515
In base 7, what is -3540 + 112?
-3425
In base 6, what is 1514434 - 0?
1514434
In base 4, what is -11 + -102021232?
-102021303
In base 8, what is 1 + -240070?
-240067
In base 3, what is -2211 + -121102021?
-121112002
In base 11, what is 14a80a0 - -4?
14a80a4
In base 13, what is -4 - -216968?
216964
In base 7, what is -1312 - 2?
-1314
In base 6, what is -42015 + 153?
-41422
In base 8, what is -4 - -106335?
106331
In base 8, what is 2 - -171152?
171154
In base 10, what is -10 + 16013?
16003
In base 2, what is 101100 + 1100110110?
1101100010
In base 2, what is -1 + -10011010100010000?
-10011010100010001
In base 6, what is -22102 - 30?
-22132
In base 7, what is -1 - -1613663?
1613662
In base 5, what is -1321 - 2030?
-3401
In base 4, what is -33130222 - 0?
-33130222
In base 16, what is -195 + -2c2?
-457
In base 13, what is -1692 - 6?
-1698
In base 10, what is -30 - 14235?
-14265
In base 16, what is -10638 - 1?
-10639
In base 13, what is 5 - -1499?
14a1
In base 12, what is -86 + b80?
ab6
In base 10, what is -734 + 1976?
1242
In base 3, what is 20220 + 101110002?
101200222
In base 15, what is 4 - 6822?
-681d
In base 5, what is -21 - 33420?
-33441
In base 5, what is -1234 + 2420?
1131
In base 9, what is 140 - 31788?
-31648
In base 6, what is 401212 + 2?
401214
In base 6, what is -241 - 24502?
-25143
In base 6, what is 245043304 - -3?
245043311
In base 11, what is -195 + -60?
-245
In base 13, what is -3 + 200a65?
200a62
In base 10, what is -61 - -1694?
1633
In base 11, what is 86716 + -2?
86714
In base 5, what is 14404 - -1021?
20430
In base 8, what is 4 + 103047?
103053
In base 12, what is 3 - 1041ab?
-1041a8
In base 7, what is 140116 + -3?
140113
In base 3, what is -101 - 1002100020012?
-1002100020120
In base 8, what is 422326 - 1?
422325
In base 8, what is -72703 - 140?
-73043
In base 6, what is 11 + -4534542?
-4534531
In base 9, what is -253 + 111?
-142
In base 6, what is -410 - -10031?
5221
In base 12, what is 0 + 1a9a44?
1a9a44
In base 14, what is -1 - 3786?
-3787
In base 3, what is -111221211 + 0?
-111221211
In base 14, what is -28a542 - 0?
-28a542
In base 11, what is 0 - 4a460?
-4a460
In base 11, what is 0 - -562956?
562956
In base 6, what is -522 + -3220?
-4142
In base 8, what is 250264 - 1?
250263
In base 6, what is 433 - 24343?
-23510
In base 11, what is 978 + 1294?
2161
In base 3, what is 10002101 - -110212?
10120020
In base 7, what is 3 + 32643?
32646
In base 6, what is -3 - 40500?
-40503
In base 15, what is -18 - -459e?
4586
In base 11, what is -59 - -238?
18a
In base 14, what is 597 + -22?
575
In base 5, what is 1 + 21324413?
21324414
In base 10, what is 131 - 92?
39
In base 7, what is -5045 + -2616?
-10664
In base 10, what is -3072 - -2?
-3070
In base 16, what is 8 - -30d?
315
In base 9, what is 0 + -61321?
-61321
In base 10, what is -1119 + -54?
-1173
In base 3, what is -12122220100 - -20?
-12122220010
In base 2, what is -1011100001110011 + -11?
-1011100001110110
In base 10, what is 1217 - -414?
1631
In base 6, what is 213 + 3441?
4054
In base 2, what is 110 - -10100010111110001?
10100010111110111
In base 6, what is -2 - -20252?
20250
In base 7, what is 22335 + 2?
22340
In base 7, what is 103 + -1005?
-602
In base 3, what is 20 - -202211111121?
202211111211
In base 2, what is -11001011 + 1111011101?
1100010010
In base 14, what is -602 - 22?
-624
In base 15, what is 1d + -c80?
-c62
In base 2, what is -10101111111111101 + -1?
-10101111111111110
In base 6, what is 112355321 - -5?
112355330
In base 13, what is 685 + -b?
677
In base 5, what is 221112344 + -1?
221112343
In base 8, what is 1407 + -1134?
253
In base 6, what is 52112332 + -2?
52112330
In base 9, what is -2062377 + -5?
-2062383
In base 2, what is 1010001000100001100 + -1?
1010001000100001011
In base 5, what is 22231 - 3213?
14013
In base 15, what is 8 + 400?
408
In base 13, what is 8573 + 4?
8577
In base 2, what is -1100110001010100101 - -100?
-1100110001010100001
In base 12, what is -460b07 - -5?
-460b02
In base 10, what is -6433 - -1?
-6432
In base 12, what is -27abb + 27?
-27a94
In base 13, what is 6 + 3893?
3899
In base 15, what is 5 - -4b825?
4b82a
In base 6, what is 12124 - 15323?
-3155
In base 12, what is -2 + -634a0?
-634a2
In base 3, what is 12222101 - 10?
12222021
In base 11, what is -17622 - 1a?
-17641
In base 10, what is -1 + -5?
-6
In base 2, what is -1111110101111011 - -1010?
-1111110101110001
In base 4, what is -30 + 132021?
131331
In base 16, what is -ba - 75?
-12f
In base 2, what is 10110001001 - 10110000?
10011011001
In base 9, what is 14 + -115532?
-115517
In base 6, what is -50 + -33004?
-33054
In base 2, what is -10101001011000011010 - 100?
-10101001011000011110
In base 4, what is -11 + 30201?
30130
In base 13, what is 157c + -24a?
1332
In base 12, what is -5b9ab + 5?
-5b9a6
In base 14, what is 5 - 46853?
-468